{"id":1959,"date":"2022-11-20T17:02:46","date_gmt":"2022-11-20T16:02:46","guid":{"rendered":"https:\/\/leonard.fr\/juridique\/?page_id=1959"},"modified":"2026-02-18T16:14:32","modified_gmt":"2026-02-18T15:14:32","slug":"mentions-legales","status":"publish","type":"page","link":"https:\/\/leonard.fr\/juridique\/mentions-legales\/","title":{"rendered":"Mentions l\u00e9gales"},"content":{"rendered":"\t\t<div data-elementor-type=\"wp-page\" data-elementor-id=\"1959\" class=\"elementor elementor-1959\" data-elementor-post-type=\"page\">\n\t\t\t\t<div data-particle_enable=\"false\" data-particle-mobile-disabled=\"false\" class=\"elementor-element elementor-element-20ecf0ca e-flex e-con-boxed e-con e-parent\" data-id=\"20ecf0ca\" data-element_type=\"container\" data-e-type=\"container\" data-settings=\"{&quot;background_background&quot;:&quot;classic&quot;}\">\n\t\t\t\t\t<div class=\"e-con-inner\">\n\t\t<div data-particle_enable=\"false\" data-particle-mobile-disabled=\"false\" class=\"elementor-element elementor-element-568370b2 e-con-full e-flex e-con e-child\" data-id=\"568370b2\" data-element_type=\"container\" data-e-type=\"container\">\n\t\t\t\t<div class=\"elementor-element elementor-element-3732cb6c elementor-widget elementor-widget-heading\" data-id=\"3732cb6c\" data-element_type=\"widget\" data-e-type=\"widget\" data-widget_type=\"heading.default\">\n\t\t\t\t<div class=\"elementor-widget-container\">\n\t\t\t\t\t<h1 class=\"elementor-heading-title elementor-size-default\">Mentions l\u00e9gales<\/h1>\t\t\t\t<\/div>\n\t\t\t\t<\/div>\n\t\t\t\t<\/div>\n\t\t<div data-particle_enable=\"false\" data-particle-mobile-disabled=\"false\" class=\"elementor-element elementor-element-6fd4ef43 e-flex e-con-boxed e-con e-child\" data-id=\"6fd4ef43\" data-element_type=\"container\" data-e-type=\"container\">\n\t\t\t\t\t<div class=\"e-con-inner\">\n\t\t\t\t<div class=\"elementor-element elementor-element-48f2b774 elementor-widget elementor-widget-spacer\" data-id=\"48f2b774\" data-element_type=\"widget\" data-e-type=\"widget\" data-widget_type=\"spacer.default\">\n\t\t\t\t<div class=\"elementor-widget-container\">\n\t\t\t\t\t\t\t<div class=\"elementor-spacer\">\n\t\t\t<div class=\"elementor-spacer-inner\"><\/div>\n\t\t<\/div>\n\t\t\t\t\t\t<\/div>\n\t\t\t\t<\/div>\n\t\t\t\t<div class=\"elementor-element elementor-element-7f63ab1f elementor-widget elementor-widget-spacer\" data-id=\"7f63ab1f\" data-element_type=\"widget\" data-e-type=\"widget\" data-widget_type=\"spacer.default\">\n\t\t\t\t<div class=\"elementor-widget-container\">\n\t\t\t\t\t\t\t<div class=\"elementor-spacer\">\n\t\t\t<div class=\"elementor-spacer-inner\"><\/div>\n\t\t<\/div>\n\t\t\t\t\t\t<\/div>\n\t\t\t\t<\/div>\n\t\t\t\t\t<\/div>\n\t\t\t\t<\/div>\n\t\t\t\t\t<\/div>\n\t\t\t\t<\/div>\n\t\t<div data-particle_enable=\"false\" data-particle-mobile-disabled=\"false\" class=\"elementor-element elementor-element-57b1d799 e-flex e-con-boxed e-con e-parent\" data-id=\"57b1d799\" data-element_type=\"container\" data-e-type=\"container\">\n\t\t\t\t\t<div class=\"e-con-inner\">\n\t\t<div data-particle_enable=\"false\" data-particle-mobile-disabled=\"false\" class=\"elementor-element elementor-element-5f7a3c0 e-flex e-con-boxed e-con e-child\" data-id=\"5f7a3c0\" data-element_type=\"container\" data-e-type=\"container\" id=\"#section-sommaire\" data-settings=\"{&quot;background_background&quot;:&quot;classic&quot;}\">\n\t\t\t\t\t<div class=\"e-con-inner\">\n\t\t\t\t<div class=\"elementor-element elementor-element-35ebc1b elementor-widget elementor-widget-text-editor\" data-id=\"35ebc1b\" data-element_type=\"widget\" data-e-type=\"widget\" id=\"cgu-text\" data-widget_type=\"text-editor.default\">\n\t\t\t\t<div class=\"elementor-widget-container\">\n\t\t\t\t\t\t\t\t\t<div class=\"col-12\"><strong><span style=\"font-size: 24px;\">Le Site<\/span><\/strong><\/div><div class=\"col-12\"><div class=\"link-green\"><div class=\"col-12\"><div class=\"link-green\"><p>Le site <a href=\"https:\/\/leonard.fr\/\">leonard.fr<\/a> est \u00e9dit\u00e9 par la soci\u00e9t\u00e9 LVPRO sous la marque Leonard.fr, SAS au capital de 51 454.80 euros, dont le si\u00e8ge social est situ\u00e9 180 Rue Juda\u00efque, 33000 BORDEAUX France.<\/p><p>RCS 809 015 407 Bordeaux<\/p><p>Directeur de la publication : Alexis EGRON<\/p><p>Email : contact@leonard.fr<\/p><p class=\"h4 font-weight-light\">H\u00e9bergeur du site internet<\/p><p>Le site leonard.fr est h\u00e9berg\u00e9 par <a href=\"https:\/\/www.lmc-web.fr\/\" target=\"_blank\" rel=\"noopener\">LMC France<\/a> sur des serveurs fournis par OVH.<\/p><p>Collecte de donn\u00e9es<\/p><p>N\u00b0 de d\u00e9claration CNIL : 1833050<\/p><\/div><\/div><div class=\"col-12\"><h2 class=\"my-4\">POLITIQUE DE CONFIDENTIALIT\u00c9<\/h2><div class=\"link-green\"><p>Les informations personnelles pouvant \u00eatre recueillies sur le site\u00a0<a href=\"https:\/\/leonard.fr\">leonard.fr<\/a> sont principalement utilis\u00e9es par Leonard pour la gestion des relations avec vous, et le cas \u00e9ch\u00e9ant pour le traitement de vos dossiers. Elles sont enregistr\u00e9es dans le fichier de clients de Leonard.fr, et le fichier ainsi \u00e9labor\u00e9 \u00e0 partir de donn\u00e9es \u00e0 caract\u00e8re personnel est d\u00e9clar\u00e9 aupr\u00e8s de la CNIL.<\/p><p>Conform\u00e9ment aux dispositions de la loi n\u00b0 78-17 du 6 janvier 1978 modifi\u00e9e, relative \u00e0 l\u2019informatique, aux fichiers et aux libert\u00e9s, ainsi qu\u2019au R\u00e8glement G\u00e9n\u00e9ral sur la protection des donn\u00e9es no 2016\/679, vous \u00eates inform\u00e9 que Legalvision proc\u00e8de \u00e0 des traitements automatis\u00e9s de vos donn\u00e9es personnelles, notamment lors de votre connexion au site ou dans le cadre des formulaires en ligne remplis par vos soins.<\/p><p>Les informations recueillies \u00e0 partir des formulaires font l\u2019objet d\u2019un traitement informatique destin\u00e9 \u00e0 fournir le service de r\u00e9alisation des formalit\u00e9s juridiques en Droit des soci\u00e9t\u00e9s. Les donn\u00e9es personnelles recueillies dans le cadre du site ne seront pas conserv\u00e9es au-del\u00e0 de la dur\u00e9e maximum l\u00e9gale.<\/p><p>Les donn\u00e9es personnelles recueillies ne sont collect\u00e9es qu\u2019uniquement dans le cadre de la mission r\u00e9alis\u00e9e par Leonard.fr, conform\u00e9ment \u00e0 l\u2019article 5 du R\u00e8glement G\u00e9n\u00e9ral sur la Protection des donn\u00e9es n\u00b02016\/679. Dans ce sens, l\u2019ensemble des donn\u00e9es qui ne sont pas strictement n\u00e9cessaires au sein des applications existantes seront purg\u00e9es.<\/p><p>Conform\u00e9ment \u00e0 l\u2019article 13 du R\u00e8glement G\u00e9n\u00e9ral sur la protection des donn\u00e9es n\u00b02016\/679, la soci\u00e9t\u00e9 LegalVision vous informe que les destinataires des donn\u00e9es \u00e0 caract\u00e8re personnel rel\u00e8vent uniquement du personnel de la soci\u00e9t\u00e9, dans le cadre de la mission qui leur incombe.<\/p><p>Vous disposez d\u2019un droit d\u2019acc\u00e8s, d\u2019interrogation, de modification et de suppression des informations qui vous concernent, \u00e0 exercer \u00e0 tout moment aupr\u00e8s de Legalvision soit directement aupr\u00e8s du D\u00e9l\u00e9gu\u00e9 \u00e0 la Protection des donn\u00e9es Monsieur Lo\u00efc LE GOAS directement par e-mail \u00e0 l\u2019adresse : contact@leonard.fr, soit par courrier postal \u00e0 l\u2019adresse suivante : 180 rue Juda\u00efque 33000 Bordeaux. En cas d\u2019infraction av\u00e9r\u00e9e \u00e0 des dispositions l\u00e9gales ou r\u00e9glementaires, ces informations pourront faire l\u2019objet d\u2019une communication sur demande expresse et motiv\u00e9e des autorit\u00e9s judiciaires. Lorsque certaines informations sont obligatoires pour acc\u00e9der \u00e0 des fonctionnalit\u00e9s sp\u00e9cifiques de leonard.fr, leonard indiquera ce caract\u00e8re obligatoire au moment de la saisie des donn\u00e9es.<\/p><p class=\"h4 font-weight-light\"><strong>Cookies<\/strong><\/p><p>Le Site peut collecter automatiquement des informations standards telles que tous types d\u2019informations personnalis\u00e9es qui permettent au site d\u2019identifier ses visiteurs. Toutes les informations collect\u00e9es indirectement ne seront utilis\u00e9es que pour suivre le volume, le type et la configuration du trafic utilisant ce site, pour en d\u00e9velopper la conception et l\u2019agencement et \u00e0 d\u2019autres fins administratives et de planification et plus g\u00e9n\u00e9ralement pour am\u00e9liorer le service que nous vous offrons. Vous avez la possibilit\u00e9 de visiter le site en d\u00e9sactivant cette option dans les param\u00e8tres de votre navigateur<\/p><p>Conform\u00e9ment \u00e0 l\u2019article 7 du R\u00e8glement G\u00e9n\u00e9ral sur la protection des donn\u00e9es n\u00b02016\/679, la collecte des cookies doit faire l\u2019objet d\u2019un consentement expr\u00e8s. Dans ce cadre, la soci\u00e9t\u00e9 LegalVision requiert \u00e0 ses nouveaux visiteurs un consentement marqu\u00e9 par \u00ab J\u2019accepte \u00bb pr\u00e9c\u00e9d\u00e9 d\u2019informations relatives aux donn\u00e9es collect\u00e9es. Le visiteur est libre d\u2019accepter, et peut, sur demande, cliquer sur \u00ab En savoir plus \u00bb pour avoir acc\u00e8s \u00e0 plus d\u2019information sur le traitement de ses donn\u00e9es.<\/p><p>Conform\u00e9ment \u00e0 l\u2019article 5 du R\u00e8glement G\u00e9n\u00e9ral sur la protection des donn\u00e9es n\u00b02016\/679, la soci\u00e9t\u00e9 LegalVision met en place un registre de conformit\u00e9 permettant de tracer l\u2019ensemble des traitements de donn\u00e9es personnelles.<\/p><p>Conform\u00e9ment \u00e0 l\u2019article 55 du R\u00e8glement G\u00e9n\u00e9ral sur la protection des donn\u00e9es n\u00b02016\/679, le responsable du traitement des donn\u00e9es notifiera la violation des donn\u00e9es \u00e0 caract\u00e8re personnel \u00e0 la CNIL dans les 72 h suivant la prise de connaissance de cette violation.<\/p><p class=\"h4 font-weight-light\"><strong>Respect de la propri\u00e9t\u00e9 intellectuelle<\/strong><\/p><p>Toutes les marques, photographies, textes, commentaires, illustrations, images anim\u00e9es ou non, s\u00e9quences vid\u00e9o, sons, ainsi que toutes les applications informatiques qui pourraient \u00eatre utilis\u00e9es pour faire fonctionner leonard.fr et plus g\u00e9n\u00e9ralement tous les \u00e9l\u00e9ments reproduits ou utilis\u00e9s sur ledit site sont prot\u00e9g\u00e9s par les lois en vigueur au titre de la propri\u00e9t\u00e9 intellectuelle.<\/p><p>Ils sont la propri\u00e9t\u00e9 pleine et enti\u00e8re de Leonard ou de ses partenaires, sauf mentions particuli\u00e8res. Toute reproduction, repr\u00e9sentation, utilisation ou adaptation, sous quelque forme que ce soit, de tout ou partie de ces \u00e9l\u00e9ments, y compris les applications informatiques, sans l\u2019accord pr\u00e9alable et \u00e9crit de Leonard, sont strictement interdites. Le fait pour Legalvision de ne pas engager de proc\u00e9dure d\u00e8s la prise de connaissance de ces utilisations non autoris\u00e9es ne vaut pas acceptation desdites utilisations et renonciation aux poursuites.<\/p><p class=\"h4 font-weight-light\"><strong>Liens hypertextes<\/strong><\/p><p>Le site peut contenir des liens hypertexte donnant acc\u00e8s \u00e0 d\u2019autres sites web \u00e9dit\u00e9s et g\u00e9r\u00e9s par des tiers et non par Leonard. Celui-ci ne pourra \u00eatre tenu responsable directement ou indirectement dans le cas o\u00f9 lesdits sites tiers ne respecteraient pas les dispositions l\u00e9gales.<\/p><p>La cr\u00e9ation de liens hypertexte vers le site ne peut \u00eatre faite qu\u2019avec l\u2019autorisation \u00e9crite et pr\u00e9alable de LegalVision.<\/p><\/div><\/div><\/div><\/div>\t\t\t\t\t\t\t\t<\/div>\n\t\t\t\t<\/div>\n\t\t\t\t\t<\/div>\n\t\t\t\t<\/div>\n\t\t\t\t\t<\/div>\n\t\t\t\t<\/div>\n\t\t\t\t<\/div>\n\t\t","protected":false},"excerpt":{"rendered":"<p>Mentions l\u00e9gales Le Site Le site leonard.fr est \u00e9dit\u00e9 par la soci\u00e9t\u00e9 LVPRO sous la marque Leonard.fr, SAS au capital de 51 454.80 euros, dont le si\u00e8ge social est situ\u00e9 180 Rue Juda\u00efque, 33000 BORDEAUX France. RCS 809 015 407 Bordeaux Directeur de la publication : Alexis EGRON Email : contact@leonard.fr H\u00e9bergeur du site internet&hellip; <a class=\"more-link\" href=\"https:\/\/leonard.fr\/juridique\/mentions-legales\/\">Poursuivre la lecture <span class=\"screen-reader-text\">Mentions l\u00e9gales<\/span><\/a><\/p>\n","protected":false},"author":1,"featured_media":0,"parent":0,"menu_order":0,"comment_status":"closed","ping_status":"closed","template":"elementor_header_footer","meta":{"_acf_changed":false,"inline_featured_image":false,"footnotes":""},"class_list":["post-1959","page","type-page","status-publish","hentry","entry"],"acf":[],"yoast_head":"<!-- This site is optimized with the Yoast SEO plugin v27.2 - https:\/\/yoast.com\/product\/yoast-seo-wordpress\/ -->\n<title>Mentions l\u00e9gales<\/title>\n<meta name=\"robots\" content=\"index, follow, max-snippet:-1, max-image-preview:large, max-video-preview:-1\" \/>\n<link rel=\"canonical\" href=\"https:\/\/leonard.fr\/juridique\/mentions-legales\/\" \/>\n<meta property=\"og:locale\" content=\"fr_FR\" \/>\n<meta property=\"og:type\" content=\"article\" \/>\n<meta property=\"og:title\" content=\"Mentions l\u00e9gales\" \/>\n<meta property=\"og:description\" content=\"Mentions l\u00e9gales Le Site Le site leonard.fr est \u00e9dit\u00e9 par la soci\u00e9t\u00e9 LVPRO sous la marque Leonard.fr, SAS au capital de 51 454.80 euros, dont le si\u00e8ge social est situ\u00e9 180 Rue Juda\u00efque, 33000 BORDEAUX France. RCS 809 015 407 Bordeaux Directeur de la publication : Alexis EGRON Email : contact@leonard.fr H\u00e9bergeur du site internet&hellip; Poursuivre la lecture Mentions l\u00e9gales\" \/>\n<meta property=\"og:url\" content=\"https:\/\/leonard.fr\/juridique\/mentions-legales\/\" \/>\n<meta property=\"og:site_name\" content=\"Leonard.fr\" \/>\n<meta property=\"article:modified_time\" content=\"2026-02-18T15:14:32+00:00\" \/>\n<meta name=\"twitter:card\" content=\"summary_large_image\" \/>\n<meta name=\"twitter:label1\" content=\"Dur\u00e9e de lecture estim\u00e9e\" \/>\n\t<meta name=\"twitter:data1\" content=\"5 minutes\" \/>\n<script type=\"application\/ld+json\" class=\"yoast-schema-graph\">{\"@context\":\"https:\/\/schema.org\",\"@graph\":[{\"@type\":\"WebPage\",\"@id\":\"https:\/\/leonard.fr\/juridique\/mentions-legales\/\",\"url\":\"https:\/\/leonard.fr\/juridique\/mentions-legales\/\",\"name\":\"Mentions l\u00e9gales\",\"isPartOf\":{\"@id\":\"https:\/\/leonard.fr\/juridique\/#website\"},\"datePublished\":\"2022-11-20T16:02:46+00:00\",\"dateModified\":\"2026-02-18T15:14:32+00:00\",\"breadcrumb\":{\"@id\":\"https:\/\/leonard.fr\/juridique\/mentions-legales\/#breadcrumb\"},\"inLanguage\":\"fr-FR\",\"potentialAction\":[{\"@type\":\"ReadAction\",\"target\":[\"https:\/\/leonard.fr\/juridique\/mentions-legales\/\"]}]},{\"@type\":\"BreadcrumbList\",\"@id\":\"https:\/\/leonard.fr\/juridique\/mentions-legales\/#breadcrumb\",\"itemListElement\":[{\"@type\":\"ListItem\",\"position\":1,\"name\":\"Accueil\",\"item\":\"https:\/\/leonard.fr\/juridique\/\"},{\"@type\":\"ListItem\",\"position\":2,\"name\":\"Mentions l\u00e9gales\"}]},{\"@type\":\"WebSite\",\"@id\":\"https:\/\/leonard.fr\/juridique\/#website\",\"url\":\"https:\/\/leonard.fr\/juridique\/\",\"name\":\"Leonard.fr\",\"description\":\"Le service juridique des dirigeants\",\"publisher\":{\"@id\":\"https:\/\/leonard.fr\/juridique\/#organization\"},\"potentialAction\":[{\"@type\":\"SearchAction\",\"target\":{\"@type\":\"EntryPoint\",\"urlTemplate\":\"https:\/\/leonard.fr\/juridique\/?s={search_term_string}\"},\"query-input\":{\"@type\":\"PropertyValueSpecification\",\"valueRequired\":true,\"valueName\":\"search_term_string\"}}],\"inLanguage\":\"fr-FR\"},{\"@type\":\"Organization\",\"@id\":\"https:\/\/leonard.fr\/juridique\/#organization\",\"name\":\"Leonard.fr\",\"url\":\"https:\/\/leonard.fr\/juridique\/\",\"logo\":{\"@type\":\"ImageObject\",\"inLanguage\":\"fr-FR\",\"@id\":\"https:\/\/leonard.fr\/juridique\/#\/schema\/logo\/image\/\",\"url\":\"https:\/\/leonard.fr\/juridique\/assets\/uploads\/2026\/02\/Design-sans-titre.png\",\"contentUrl\":\"https:\/\/leonard.fr\/juridique\/assets\/uploads\/2026\/02\/Design-sans-titre.png\",\"width\":272,\"height\":76,\"caption\":\"Leonard.fr\"},\"image\":{\"@id\":\"https:\/\/leonard.fr\/juridique\/#\/schema\/logo\/image\/\"}}]}<\/script>\n<!-- \/ Yoast SEO plugin. -->","yoast_head_json":{"title":"Mentions l\u00e9gales","robots":{"index":"index","follow":"follow","max-snippet":"max-snippet:-1","max-image-preview":"max-image-preview:large","max-video-preview":"max-video-preview:-1"},"canonical":"https:\/\/leonard.fr\/juridique\/mentions-legales\/","og_locale":"fr_FR","og_type":"article","og_title":"Mentions l\u00e9gales","og_description":"Mentions l\u00e9gales Le Site Le site leonard.fr est \u00e9dit\u00e9 par la soci\u00e9t\u00e9 LVPRO sous la marque Leonard.fr, SAS au capital de 51 454.80 euros, dont le si\u00e8ge social est situ\u00e9 180 Rue Juda\u00efque, 33000 BORDEAUX France. RCS 809 015 407 Bordeaux Directeur de la publication : Alexis EGRON Email : contact@leonard.fr H\u00e9bergeur du site internet&hellip; Poursuivre la lecture Mentions l\u00e9gales","og_url":"https:\/\/leonard.fr\/juridique\/mentions-legales\/","og_site_name":"Leonard.fr","article_modified_time":"2026-02-18T15:14:32+00:00","twitter_card":"summary_large_image","twitter_misc":{"Dur\u00e9e de lecture estim\u00e9e":"5 minutes"},"schema":{"@context":"https:\/\/schema.org","@graph":[{"@type":"WebPage","@id":"https:\/\/leonard.fr\/juridique\/mentions-legales\/","url":"https:\/\/leonard.fr\/juridique\/mentions-legales\/","name":"Mentions l\u00e9gales","isPartOf":{"@id":"https:\/\/leonard.fr\/juridique\/#website"},"datePublished":"2022-11-20T16:02:46+00:00","dateModified":"2026-02-18T15:14:32+00:00","breadcrumb":{"@id":"https:\/\/leonard.fr\/juridique\/mentions-legales\/#breadcrumb"},"inLanguage":"fr-FR","potentialAction":[{"@type":"ReadAction","target":["https:\/\/leonard.fr\/juridique\/mentions-legales\/"]}]},{"@type":"BreadcrumbList","@id":"https:\/\/leonard.fr\/juridique\/mentions-legales\/#breadcrumb","itemListElement":[{"@type":"ListItem","position":1,"name":"Accueil","item":"https:\/\/leonard.fr\/juridique\/"},{"@type":"ListItem","position":2,"name":"Mentions l\u00e9gales"}]},{"@type":"WebSite","@id":"https:\/\/leonard.fr\/juridique\/#website","url":"https:\/\/leonard.fr\/juridique\/","name":"Leonard.fr","description":"Le service juridique des dirigeants","publisher":{"@id":"https:\/\/leonard.fr\/juridique\/#organization"},"potentialAction":[{"@type":"SearchAction","target":{"@type":"EntryPoint","urlTemplate":"https:\/\/leonard.fr\/juridique\/?s={search_term_string}"},"query-input":{"@type":"PropertyValueSpecification","valueRequired":true,"valueName":"search_term_string"}}],"inLanguage":"fr-FR"},{"@type":"Organization","@id":"https:\/\/leonard.fr\/juridique\/#organization","name":"Leonard.fr","url":"https:\/\/leonard.fr\/juridique\/","logo":{"@type":"ImageObject","inLanguage":"fr-FR","@id":"https:\/\/leonard.fr\/juridique\/#\/schema\/logo\/image\/","url":"https:\/\/leonard.fr\/juridique\/assets\/uploads\/2026\/02\/Design-sans-titre.png","contentUrl":"https:\/\/leonard.fr\/juridique\/assets\/uploads\/2026\/02\/Design-sans-titre.png","width":272,"height":76,"caption":"Leonard.fr"},"image":{"@id":"https:\/\/leonard.fr\/juridique\/#\/schema\/logo\/image\/"}}]}},"_links":{"self":[{"href":"https:\/\/leonard.fr\/juridique\/wp-json\/wp\/v2\/pages\/1959","targetHints":{"allow":["GET"]}}],"collection":[{"href":"https:\/\/leonard.fr\/juridique\/wp-json\/wp\/v2\/pages"}],"about":[{"href":"https:\/\/leonard.fr\/juridique\/wp-json\/wp\/v2\/types\/page"}],"author":[{"embeddable":true,"href":"https:\/\/leonard.fr\/juridique\/wp-json\/wp\/v2\/users\/1"}],"replies":[{"embeddable":true,"href":"https:\/\/leonard.fr\/juridique\/wp-json\/wp\/v2\/comments?post=1959"}],"version-history":[{"count":0,"href":"https:\/\/leonard.fr\/juridique\/wp-json\/wp\/v2\/pages\/1959\/revisions"}],"wp:attachment":[{"href":"https:\/\/leonard.fr\/juridique\/wp-json\/wp\/v2\/media?parent=1959"}],"curies":[{"name":"wp","href":"https:\/\/api.w.org\/{rel}","templated":true}]}}